 is -171 (base 14) in base 7?
-601
What is 21321 (base 4) in base 3?
212110
What is -220120 (base 3) in base 7?
-1635
Convert 10010110101 (base 2) to base 9.
1578
-5b05 (base 12) to base 3
-112000212
Convert 36451 (base 7) to base 16.
2515
Convert -697 (base 14) to base 2.
-10100011101
What is -21000 (base 3) in base 15?
-c9
What is 3033 (base 14) in base 11?
6245
-24201 (base 9) to base 7
-65143
4b3c (base 14) to base 13
6004
-5c21 (base 16) to base 3
-1012100112
1011101001 (base 2) to base 14
3b3
What is 12379 (base 13) in base 2?
1000001100011010
2391 (base 10) to base 2
100101010111
-1058 (base 12) to base 9
-2415
What is 373 (base 10) in base 14?
1c9
Convert 52335 (base 6) to base 7.
26351
16154 (base 10) to base 8
37432
Convert -20274 (base 12) to base 3.
-2010101221
What is -101130101 (base 4) in base 3?
-10121222222
What is 6062 (base 7) in base 12?
1272
Convert 1111000010100 (base 2) to base 7.
31310
-11001001 (base 2) to base 11
-173
2a668 (base 11) to base 7
240336
-122101 (base 3) to base 7
-1240
Convert 307 (base 14) to base 12.
417
What is -3217 (base 9) in base 2?
-100100111101
What is -11102 (base 3) in base 14?
-87
24065 (base 7) to base 14
23a5
-11101000 (base 2) to base 9
-277
Convert 1407 (base 12) to base 13.
108a
Convert 112022 (base 4) to base 10.
1418
Convert -4579 (base 13) to base 12.
-5771
Convert -13519 (base 12) to base 14.
-9a05
1759 (base 10) to base 16
6df
Convert -1222 (base 3) to base 10.
-53
200011210 (base 3) to base 12
7803
Convert -1100000000 (base 2) to base 10.
-768
2004 (base 7) to base 13
411
110111011011011 (base 2) to base 8
67333
Convert 254525 (base 6) to base 2.
101101000110101
Convert -259 (base 15) to base 8.
-1026
Convert 34012 (base 5) to base 16.
94e
What is 3011 (base 8) in base 5?
22140
Convert 4a5 (base 12) to base 4.
22331
Convert -101100111 (base 2) to base 15.
-18e
2422 (base 5) to base 14
1bc
-6 (base 13) to base 4
-12
-4c7d (base 15) to base 16
-3fbe
Convert -4b0 (base 15) to base 6.
-4533
3231 (base 4) to base 11
1a6
110100000 (base 2) to base 9
512
Convert 1675 (base 8) to base 11.
7a0
What is -f3 (base 16) in base 13?
-159
303 (base 8) to base 13
120
Convert -1133 (base 8) to base 10.
-603
Convert 104 (base 16) to base 2.
100000100
Convert -344 (base 10) to base 2.
-101011000
Convert 1414 (base 11) to base 13.
aaa
What is -389 (base 10) in base 9?
-472
Convert -12221 (base 3) to base 13.
-c4
What is -9195 (base 10) in base 4?
-2033223
What is 57211 (base 8) in base 6?
304013
Convert -1ea7 (base 15) to base 6.
-50534
What is 31431 (base 11) in base 3?
2022210021
What is 2511 (base 12) in base 7?
15133
Convert 21452 (base 9) to base 3.
201111202
What is -22102212 (base 4) in base 6?
-523050
-104b (base 14) to base 3
-10212010
Convert 15045 (base 6) to base 5.
34110
Convert -2028 (base 10) to base 6.
-13220
Convert -1c7 (base 13) to base 15.
-172
Convert 524 (base 6) to base 12.
144
What is 3a1 (base 13) in base 7?
1601
What is -53965 (base 10) in base 4?
-31023031
What is 2024421 (base 5) in base 2?
1000000101010111
Convert 715 (base 11) to base 5.
11423
Convert -110001010 (base 2) to base 15.
-1b4
What is -2022031 (base 4) in base 14?
-331b
Convert -2567 (base 8) to base 4.
-111313
Convert -91 (base 12) to base 2.
-1101101
What is 303 (base 5) in base 9?
86
What is -97 (base 10) in base 11?
-89
-2505 (base 8) to base 12
-945
-11001010100 (base 2) to base 8
-3124
Convert 32 (base 7) to base 11.
21
Convert -142 (base 13) to base 5.
-1343
Convert -144254 (base 6) to base 7.
-55420
-3260 (base 7) to base 5
-14134
-3721 (base 8) to base 15
-8d6
What is 200222 (base 3) in base 12?
368
63316 (base 9) to base 12
20243
What is 30220 (base 4) in base 12?
574
What is 123a (base 11) in base 8?
3120
Convert -4b8 (base 13) to base 11.
-692
What is 112203 (base 5) in base 9?
5503
-10001011001 (base 2) to base 9
-1466
Convert 16734 (base 11) to base 10.
23511
Convert 865b (base 14) to base 16.
5aa9
-424 (base 9) to base 7
-1003
What is aa8 (base 16) in base 14?
dcc
-2514 (base 6) to base 16
-26e
Convert 3011314 (base 5) to base 3.
2102110000
Convert d209 (base 14) to base 3.
1211111001
1032222 (base 4) to base 5
130114
21c7 (base 16) to base 5
234042
What is -128c5 (base 14) in base 15?
-d7d0
221303 (base 4) to base 5
41200
-4522 (base 9) to base 2
-110100001101
-392 (base 16) to base 3
-1020212
What is -100331 (base 4) in base 14?
-577
Convert -1a330 (base 14) to base 4.
-100032312
Convert -1232013 (base 4) to base 3.
-100200000
-832 (base 9) to base 2
-1010100101
Convert 2201201101 (base 3) to base 5.
3204430
1972 (base 11) to base 3
10102120
30331 (base 4) to base 14
433
Convert 10063 (base 8) to base 9.
5617
What is 11110 (base 5) in base 14?
3da
321d (base 15) to base 16
296b
Convert 144031 (base 7) to base 16.
6c9d
Convert -174 (base 15) to base 10.
-334
Convert -10120113 (base 4) to base 2.
-100011000010111
What is -14451 (base 6) in base 11?
-1833
What is 11110110 (base 2) in base 8?
366
-576 (base 9) to base 2
-111011010
Convert 773 (base 10) to base 13.
476
What is -10333123 (base 4) in base 3?
-1001001011
Convert -127361 (base 8) to base 10.
-44785
-9ce (base 15) to base 12
-134b
-5143 (base 10) to base 9
-7044
Convert 1100110110100 (base 2) to base 5.
202310
Convert -2084 (base 10) to base 11.
-1625
Convert -66 (base 16) to base 4.
-1212
-28124 (base 9) to base 11
-13355
What is -1165 (base 11) in base 2?
-10111110011
484 (base 11) to base 10
576
What is 7a5 (base 12) in base 8?
2155
445401 (base 6) to base 2
1001001010001001
Convert 13230012 (base 4) to base 11.
21731
Convert -11522 (base 15) to base 12.
-27b05
What is -1101111111110 (base 2) in base 16?
-1bfe
Convert 5615 (base 7) to base 12.
1205
What is 1021102120 (base 3) in base 6?
312110
10101011100110 (base 2) to base 4
2223212
Convert -6c (base 13) to base 10.
-90
-213031 (base 4) to base 13
-11b0
Convert 132313 (base 5) to base 9.
7275
-50e (base 15) to base 3
-1120012
Convert -b5 (base 15) to base 11.
-145
Convert 55b (base 13) to base 16.
399
What is -34 (base 11) in base 6?
-101
-100101101 (base 2) to base 14
-177
Convert 1000010101101 (base 2) to base 4.
1002231
What is -3850 (base 11) in base 14?
-1b84
111021100 (base 3) to base 5
302200
4033331 (base 5) to base 11
44797
Convert -217 (base 11) to base 4.
-10010
What is -14a1 (base 11) in base 2?
-11110000110
-17 (base 15) to base 12
-1a
Convert 5535 (base 11) to base 5.
213143
Convert 1be (base 15) to base 14.
20c
114401 (base 5) to base 7
15454
What is 10369 (base 14) in base 2?
1001100010111001
-3110 (base 9) to base 3
-10010100
Convert 780 (base 10) to base 3.
1001220
3445 (base 9) to base 12
1588
-355022 (base 6) to base 3
-1120101112
-72076 (base 9) to base 2
-1011100101011110
Convert 2a2 (base 12) to base 11.
343
What is 1a070 (base 11) in base 5?
1344103
What is -480 (base 11) in base 8?
-1074
Convert -2232231 (base 4) to base 14.
-4109
What is 1101101010 (base 2) in base 15?
3d4
-1000102 (base 4) to base 7
-14665
Convert 13202 (base 4) to base 13.
2b1
-107726 (base 8) to base 16
-8fd6
3b2 (base 12) to base 14
2c6
What is -ea3 (base 15) in base 16?
-ce7
Convert 15023 (base 7) to base 14.
1713
What is -1015 (base 6) in base 14?
-123
What is -37114 (base 9) in base 11?
-17769
What is -1230 (base 6) in base 2?
-100110010
Convert 3189 (base 10) to base 4.
301311
Convert -268 (base 14) to base 10.
-484
62a5 (base 11) to base 14
307d
What is 1199 (base 10) in base 13?
713
603 (base 11) to base 6
3213
-24 (base 15) to base 3
-1021
60086 (base 11) to base 13
31048
-21103 (base 8) to base 16
-2243
What is 20010 (base 3) in base 9?
203
-1336 (base 15) to base 13
-1b36
165363 (base 7) to base 10
33120
Convert -2203323 (base 4) to base 13.
-4a10
What is 4207 (base 15) in base 14?
512d
What is 343202 (base 5) in base 9?
17778
10768 (base 9) to base 11
5447
376 (base 14) to base 12
498
What is -3510 (base 11) in base 6?
-33201
What is -2200211 (base 3) in base 16?
-7ae
Convert 6838 (base 12) to base 10.
11564
What is 9a9 (base 11) in base 7?
3344
What is 140 (base 7) in base 8?
115
797 (base 11) to base 16
3b9
Convert -1947 (base 13) to base 12.
-2229
What is -cc (base 15) in base 12?
-140
What is -113010 (base 6) in base 7?
-40233
What is 1200122 (base 4) in base 5?
144140